 is the highest common factor of 1536 and 2472?
24
Calculate the greatest common factor of 1614 and 749434.
538
What is the greatest common factor of 249597 and 18?
9
What is the greatest common factor of 49994 and 56?
14
What is the greatest common divisor of 215 and 160175?
215
Calculate the highest common factor of 363630 and 414.
138
Calculate the greatest common divisor of 5320 and 201400.
760
What is the highest common divisor of 364 and 41951?
91
Calculate the highest common divisor of 1423224 and 1320.
264
What is the greatest common factor of 6162 and 624?
78
Calculate the greatest common factor of 160325 and 165.
55
What is the greatest common factor of 72 and 5922?
18
What is the greatest common divisor of 242 and 4114?
242
What is the greatest common factor of 2765010 and 265?
265
What is the highest common divisor of 945024 and 2553?
69
What is the highest common divisor of 476730 and 36?
18
What is the greatest common factor of 40337 and 1463?
209
What is the greatest common factor of 8851 and 9853?
167
What is the highest common factor of 1045338 and 168?
42
What is the greatest common factor of 557530 and 7024?
878
What is the highest common factor of 73619 and 14562?
809
Calculate the highest common divisor of 58587 and 708.
177
What is the greatest common factor of 23423 and 1475?
59
What is the highest common divisor of 480 and 134400?
480
What is the greatest common factor of 279090 and 450?
90
Calculate the greatest common divisor of 1169 and 37639.
7
What is the greatest common factor of 5448 and 156?
12
What is the highest common divisor of 1890424 and 76?
76
Calculate the greatest common divisor of 1458 and 46.
2
What is the highest common divisor of 32 and 17968?
16
What is the greatest common divisor of 12906 and 1674?
54
What is the greatest common divisor of 747604 and 572?
572
What is the greatest common divisor of 2752 and 473?
43
What is the highest common divisor of 8325 and 945?
45
Calculate the highest common divisor of 70 and 44716.
14
Calculate the highest common divisor of 177588 and 126.
18
Calculate the greatest common factor of 206 and 2082.
2
What is the greatest common factor of 16062 and 396?
6
Calculate the greatest common factor of 76 and 149378.
38
Calculate the highest common divisor of 44367 and 69.
69
What is the greatest common factor of 117 and 258375?
39
What is the highest common factor of 164 and 969609?
41
What is the highest common factor of 31841 and 85?
17
What is the greatest common factor of 19040 and 478800?
560
What is the greatest common factor of 1 and 833491?
1
What is the greatest common factor of 37744 and 1876?
28
Calculate the highest common divisor of 164 and 664.
4
Calculate the greatest common factor of 195 and 349440.
195
Calculate the greatest common divisor of 4722699 and 474.
237
What is the greatest common factor of 10 and 18495?
5
What is the greatest common factor of 472604 and 759?
253
What is the greatest common divisor of 832 and 10152?
8
Calculate the greatest common divisor of 137769 and 114.
57
What is the highest common factor of 1064 and 2632?
56
Calculate the highest common divisor of 88769 and 29.
29
What is the highest common factor of 10017 and 21?
21
What is the highest common factor of 60 and 136592?
4
What is the greatest common factor of 318 and 201612?
318
Calculate the highest common divisor of 1321117 and 553.
553
Calculate the highest common factor of 28 and 12247536.
28
Calculate the highest common divisor of 22 and 12301685.
11
What is the greatest common divisor of 2252269 and 73?
73
Calculate the greatest common divisor of 240 and 115860.
60
What is the highest common factor of 29 and 24971581?
29
Calculate the highest common divisor of 66807 and 936.
117
Calculate the greatest common divisor of 68 and 37684.
4
What is the highest common factor of 351 and 288?
9
Calculate the highest common factor of 4148 and 31756.
68
Calculate the greatest common factor of 3 and 12108.
3
Calculate the greatest common factor of 3333 and 1782.
33
What is the greatest common divisor of 605 and 29117?
11
Calculate the greatest common factor of 28647 and 756.
27
What is the greatest common factor of 160 and 2900960?
160
Calculate the greatest common factor of 159796 and 273.
91
What is the highest common divisor of 1218 and 1339394?
406
What is the greatest common factor of 44 and 1004168?
44
Calculate the highest common factor of 70975 and 850.
425
Calculate the highest common factor of 298233 and 52.
13
Calculate the highest common divisor of 2519 and 440.
11
What is the greatest common factor of 12763741 and 2059?
2059
Calculate the highest common divisor of 160972 and 56.
28
Calculate the highest common divisor of 3829 and 161.
7
Calculate the greatest common factor of 4629 and 107.
1
Calculate the highest common divisor of 2009 and 1176.
49
Calculate the highest common factor of 78 and 201.
3
Calculate the highest common factor of 4722 and 60.
6
What is the highest common divisor of 3267 and 883179?
1089
Calculate the greatest common factor of 1199457 and 2892.
723
Calculate the greatest common divisor of 1220 and 295545.
305
What is the greatest common factor of 30488 and 2664?
296
What is the highest common factor of 51140 and 16?
4
Calculate the greatest common divisor of 62796 and 84.
12
Calculate the highest common factor of 3613325 and 190.
95
Calculate the greatest common divisor of 14701 and 2651.
241
Calculate the greatest common divisor of 720 and 37848.
24
What is the greatest common factor of 15211 and 71232?
371
Calculate the greatest common factor of 810582 and 212.
106
What is the greatest common divisor of 473 and 3139?
43
Calculate the highest common factor of 6 and 14622.
6
What is the greatest common divisor of 1614 and 267?
3
Calculate the highest common divisor of 34 and 16558.
34
What is the greatest common factor of 18058 and 4?
2
What is the highest common factor of 84146 and 2?
2
Calculate the highest common factor of 75716 and 276.
92
What is the highest common divisor of 58724 and 848?
212
Calculate the highest common factor of 338 and 105170.
26
Calculate the greatest common divisor of 8113 and 8967.
427
Calculate the greatest common divisor of 31563 and 28161.
189
What is the highest common factor of 332 and 82253?
83
What is the highest common factor of 5022 and 1998?
54
What is the highest common divisor of 24 and 5303528?
8
Calculate the highest common factor of 143680 and 1376.
32
Calculate the greatest common divisor of 187 and 8109.
17
What is the greatest common divisor of 7774 and 2691?
299
What is the greatest common factor of 39364 and 1092?
52
Calculate the highest common factor of 161 and 97566.
161
What is the highest common factor of 280 and 35322?
14
Calculate the greatest common divisor of 17513040 and 40.
40
Calculate the highest common factor of 41440 and 24416.
224
Calculate the greatest common divisor of 4 and 294200.
4
Calculate the greatest common divisor of 2665788 and 6.
6
Calculate the greatest common divisor of 4680 and 46584.
72
What is the highest common divisor of 208 and 3994432?
208
Calculate the greatest common factor of 31579 and 184.
23
Calculate the greatest common factor of 45101 and 1190.
119
Calculate the greatest common factor of 276 and 392403.
69
What is the highest common divisor of 82708 and 155?
31
Calculate the highest common divisor of 1524 and 348.
12
What is the highest common factor of 96684 and 84?
84
What is the highest common factor of 7917 and 36192?
1131
What is the greatest common divisor of 25648 and 3552?
16
What is the greatest common divisor of 140 and 60460?
20
What is the highest common factor of 35074 and 208?
26
What is the greatest common divisor of 3 and 67392?
3
Calculate the highest common factor of 225 and 115317.
9
Calculate the greatest common factor of 792 and 363024.
72
What is the highest common divisor of 864 and 50784?
96
Calculate the highest common factor of 92571 and 3363.
177
Calculate the greatest common divisor of 819 and 956943.
117
Calculate the highest common divisor of 14091 and 42.
21
Calculate the highest common factor of 296589 and 4535.
907
Calculate the greatest common factor of 3341 and 3107.
13
Calculate the highest common factor of 